rime factors of 1025369.
41, 89, 281
What are the prime factors of 106293?
3, 11, 3221
List the prime factors of 271588.
2, 43, 1579
What are the prime factors of 272657?
7, 11, 3541
What are the prime factors of 20593760?
2, 5, 11, 11701
List the prime factors of 378807.
3, 11, 13, 883
What are the prime factors of 18881725?
5, 19, 127, 313
What are the prime factors of 1518895?
5, 7, 43397
What are the prime factors of 3338235?
3, 5, 31, 2393
List the prime factors of 194106.
2, 3, 11, 17, 173
List the prime factors of 2345425.
5, 23, 4079
List the prime factors of 3221380.
2, 5, 23, 47, 149
What are the prime factors of 8425750?
2, 5, 33703
What are the prime factors of 395144?
2, 49393
List the prime factors of 4548334.
2, 7, 19, 17099
List the prime factors of 4750848.
2, 3, 1031
What are the prime factors of 1308088?
2, 113, 1447
List the prime factors of 625095.
3, 5, 29, 479
List the prime factors of 6955999.
709, 9811
List the prime factors of 435051.
3, 41, 131
List the prime factors of 3173025.
3, 5, 42307
What are the prime factors of 20254310?
2, 5, 17, 283, 421
List the prime factors of 193151.
7, 41, 673
List the prime factors of 4640024.
2, 619, 937
What are the prime factors of 309169?
7, 29, 1523
What are the prime factors of 1002934?
2, 19, 26393
List the prime factors of 631024.
2, 39439
List the prime factors of 1786229.
1786229
What are the prime factors of 2064415?
5, 37, 11159
What are the prime factors of 4960647?
3, 79, 6977
What are the prime factors of 402931?
47, 8573
What are the prime factors of 1494677?
1494677
List the prime factors of 11587940.
2, 5, 7, 13, 6367
List the prime factors of 16233571.
991, 16381
What are the prime factors of 314903?
314903
List the prime factors of 1672677.
3, 41, 1511
What are the prime factors of 16510738?
2, 739, 11171
What are the prime factors of 14167473?
3, 4722491
What are the prime factors of 343738?
2, 171869
List the prime factors of 69307.
7, 9901
What are the prime factors of 416194?
2, 17, 12241
What are the prime factors of 16929173?
23, 736051
What are the prime factors of 125585?
5, 25117
What are the prime factors of 74309?
19, 3911
What are the prime factors of 128464?
2, 7, 31, 37
What are the prime factors of 230150?
2, 5, 4603
What are the prime factors of 2619541?
29, 59, 1531
What are the prime factors of 3669217?
3669217
What are the prime factors of 954246?
2, 3, 157, 1013
List the prime factors of 10672777.
10672777
List the prime factors of 14986582.
2, 13, 101, 439
What are the prime factors of 248456?
2, 13, 2389
What are the prime factors of 21960138?
2, 3, 3660023
List the prime factors of 1778753.
1778753
What are the prime factors of 7348680?
2, 3, 5, 137, 149
List the prime factors of 4631479.
4631479
List the prime factors of 135804.
2, 3, 11317
List the prime factors of 2956350.
2, 3, 5, 19709
List the prime factors of 536760.
2, 3, 5, 7, 71
What are the prime factors of 110160?
2, 3, 5, 17
What are the prime factors of 28334751?
3, 71, 137, 971
What are the prime factors of 88633?
61, 1453
What are the prime factors of 11378568?
2, 3, 19, 24953
List the prime factors of 2718803.
71, 149, 257
What are the prime factors of 93832?
2, 37, 317
What are the prime factors of 341923?
331, 1033
List the prime factors of 506449.
506449
What are the prime factors of 493595?
5, 17, 5807
What are the prime factors of 170669?
170669
What are the prime factors of 2253639?
3, 17, 44189
What are the prime factors of 327157?
479, 683
List the prime factors of 301788.
2, 3, 83, 101
What are the prime factors of 4414024?
2, 551753
What are the prime factors of 2065802?
2, 1032901
List the prime factors of 557241.
3, 185747
List the prime factors of 106604.
2, 29, 919
What are the prime factors of 262743?
3, 13, 6737
What are the prime factors of 2846087?
797, 3571
What are the prime factors of 536365?
5, 107273
List the prime factors of 1002680.
2, 5, 7, 3581
What are the prime factors of 2882039?
31, 2999
List the prime factors of 221520.
2, 3, 5, 13, 71
List the prime factors of 1003826.
2, 47, 59, 181
What are the prime factors of 790052?
2, 263, 751
List the prime factors of 85547.
7, 11, 101
What are the prime factors of 203373?
3, 59, 383
List the prime factors of 1195037.
1195037
What are the prime factors of 1186707?
3, 449, 881
What are the prime factors of 27341?
19, 1439
List the prime factors of 1697173.
1697173
List the prime factors of 257854.
2, 229, 563
What are the prime factors of 58371?
3, 19457
What are the prime factors of 8032901?
937, 8573
List the prime factors of 3100569.
3, 61, 16943
List the prime factors of 4817987.
17, 283411
What are the prime factors of 3760895?
5, 223, 3373
What are the prime factors of 455039?
13, 17, 29, 71
What are the prime factors of 3348306?
2, 3, 13, 41, 349
List the prime factors of 19829.
79, 251
List the prime factors of 2226267.
3, 247363
What are the prime factors of 656184?
2, 3, 19, 1439
List the prime factors of 7983004.
2, 29, 68819
What are the prime factors of 5440551?
3, 1813517
List the prime factors of 6689903.
11, 251, 2423
List the prime factors of 1295265.
3, 5, 86351
What are the prime factors of 28264154?
2, 29, 487313
List the prime factors of 5135518.
2, 2567759
What are the prime factors of 587860?
2, 5, 7, 13, 17, 19
List the prime factors of 132009.
3, 79, 557
List the prime factors of 22377938.
2, 11, 1017179
What are the prime factors of 240874?
2, 29, 4153
What are the prime factors of 567382?
2, 367, 773
What are the prime factors of 476683?
476683
List the prime factors of 206531.
13, 15887
List the prime factors of 898882.
2, 449441
List the prime factors of 231384.
2, 3, 31, 311
What are the prime factors of 2865321?
3, 106123
What are the prime factors of 13502840?
2, 5, 13, 23, 1129
What are the prime factors of 1019747?
1019747
List the prime factors of 4238247.
3, 13, 109, 997
List the prime factors of 1866377.
71, 97, 271
What are the prime factors of 326158?
2, 7, 23297
List the prime factors of 7578327.
3, 47, 71, 757
What are the prime factors of 1104624?
2, 3, 2557
List the prime factors of 171220.
2, 5, 7, 1223
What are the prime factors of 117980?
2, 5, 17, 347
List the prime factors of 860373.
3, 95597
List the prime factors of 11605498.
2, 167, 34747
What are the prime factors of 11617078?
2, 11, 113, 4673
What are the prime factors of 160909?
7, 127, 181
What are the prime factors of 383987?
383987
List the prime factors of 1438704.
2, 3, 97, 103
List the prime factors of 32225548.
2, 971, 8297
List the prime factors of 263510.
2, 5, 13, 2027
What are the prime factors of 637494?
2, 3, 11, 13, 743
What are the prime factors of 43163?
17, 2539
List the prime factors of 1156850.
2, 5, 17, 1361
List the prime factors of 22307.
22307
List the prime factors of 274740.
2, 3, 5, 19, 241
List the prime factors of 1295522.
2, 59, 10979
List the prime factors of 6991678.
2, 23, 31, 4903
What are the prime factors of 207939?
3, 69313
What are the prime factors of 302025?
3, 5, 4027
What are the prime factors of 2854419?
3, 17, 97, 577
What are the prime factors of 542948?
2, 7, 19391
What are the prime factors of 2309139?
3, 7, 36653
What are the prime factors of 207483?
3, 23, 31, 97
What are the prime factors of 40434?
2, 3, 23, 293
What are the prime factors of 16786908?
2, 3, 466303
What are the prime factors of 155977?
61, 2557
List the prime factors of 385069.
385069
What are the prime factors of 8396303?
433, 19391
List the prime factors of 1129611.
3, 7, 53791
List the prime factors of 339677.
13, 17, 29, 53
What are the prime factors of 12335437?
67, 184111
List the prime factors of 542885.
5, 7, 15511
List the prime factors of 174691.
11, 15881
List the prime factors of 213711.
3, 71237
What are the prime factors of 356193?
3, 19, 2083
List the prime factors of 502105.
5, 137, 733
What are the prime factors of 11545110?
2, 3, 5, 37, 3467
What are the prime factors of 4435926?
2, 3, 11, 67211
What are the prime factors of 930388?
2, 232597
What are the prime factors of 419491?
419491
What are the prime factors of 2072169?
3, 11, 6977
What are the prime factors of 25664610?
2, 3, 5, 73, 11719
What are the prime factors of 1135555?
5, 227111
What are the prime fa